{"id":9306,"date":"2026-05-07T09:03:51","date_gmt":"2026-05-07T07:03:51","guid":{"rendered":"https:\/\/esg.erste.pl\/serwis\/?page_id=9306"},"modified":"2026-05-08T09:29:48","modified_gmt":"2026-05-08T07:29:48","slug":"archiwum-raportow-2","status":"publish","type":"page","link":"https:\/\/esg.erste.pl\/serwis\/archiwum-raportow-2\/","title":{"rendered":"Archiwum raport\u00f3w ESG"},"content":{"rendered":"","protected":false},"excerpt":{"rendered":"","protected":false},"author":2,"featured_media":0,"parent":0,"menu_order":0,"comment_status":"closed","ping_status":"closed","template":"templates\/template-subpage.php","meta":{"_acf_changed":false,"footnotes":""},"sdg":[],"dictionary":[],"class_list":["post-9306","page","type-page","status-publish","hentry"],"acf":[],"yoast_head":"<!-- This site is optimized with the Yoast SEO plugin v27.4 - https:\/\/yoast.com\/product\/yoast-seo-wordpress\/ -->\n<title>Archiwum raport\u00f3w ESG - ERSTE Serwis ESG<\/title>\n<meta name=\"robots\" content=\"index, follow, max-snippet:-1, max-image-preview:large, max-video-preview:-1\" \/>\n<link rel=\"canonical\" href=\"https:\/\/esg.erste.pl\/serwis\/archiwum-raportow-2\/\" \/>\n<meta property=\"og:locale\" content=\"pl_PL\" \/>\n<meta property=\"og:type\" content=\"article\" \/>\n<meta property=\"og:title\" content=\"Archiwum raport\u00f3w ESG - ERSTE Serwis ESG\" \/>\n<meta property=\"og:url\" content=\"https:\/\/esg.erste.pl\/serwis\/archiwum-raportow-2\/\" \/>\n<meta property=\"og:site_name\" content=\"ERSTE Serwis ESG\" \/>\n<meta property=\"article:modified_time\" content=\"2026-05-08T07:29:48+00:00\" \/>\n<meta name=\"twitter:card\" content=\"summary_large_image\" \/>\n<script type=\"application\/ld+json\" class=\"yoast-schema-graph\">{\"@context\":\"https:\\\/\\\/schema.org\",\"@graph\":[{\"@type\":\"WebPage\",\"@id\":\"https:\\\/\\\/esg.erste.pl\\\/serwis\\\/archiwum-raportow-2\\\/\",\"url\":\"https:\\\/\\\/esg.erste.pl\\\/serwis\\\/archiwum-raportow-2\\\/\",\"name\":\"Archiwum raport\u00f3w ESG - ERSTE Serwis ESG\",\"isPartOf\":{\"@id\":\"https:\\\/\\\/esg.erste.pl\\\/serwis\\\/#website\"},\"datePublished\":\"2026-05-07T07:03:51+00:00\",\"dateModified\":\"2026-05-08T07:29:48+00:00\",\"breadcrumb\":{\"@id\":\"https:\\\/\\\/esg.erste.pl\\\/serwis\\\/archiwum-raportow-2\\\/#breadcrumb\"},\"inLanguage\":\"pl-PL\",\"potentialAction\":[{\"@type\":\"ReadAction\",\"target\":[\"https:\\\/\\\/esg.erste.pl\\\/serwis\\\/archiwum-raportow-2\\\/\"]}]},{\"@type\":\"BreadcrumbList\",\"@id\":\"https:\\\/\\\/esg.erste.pl\\\/serwis\\\/archiwum-raportow-2\\\/#breadcrumb\",\"itemListElement\":[{\"@type\":\"ListItem\",\"position\":1,\"name\":\"Strona g\u0142\u00f3wna\",\"item\":\"https:\\\/\\\/esg.erste.pl\\\/serwis\\\/\"},{\"@type\":\"ListItem\",\"position\":2,\"name\":\"Archiwum raport\u00f3w ESG\"}]},{\"@type\":\"WebSite\",\"@id\":\"https:\\\/\\\/esg.erste.pl\\\/serwis\\\/#website\",\"url\":\"https:\\\/\\\/esg.erste.pl\\\/serwis\\\/\",\"name\":\"ERSTE Serwis ESG\",\"description\":\"Pomimo pandemii nie zwolnili\u015bmy tempa w dzia\u0142aniach, kt\u00f3re umo\u017cliwiaj\u0105 nam i naszym klientom w byciu odpowiedzialnymi wobec \u015brodowiska i spo\u0142eczno\u015bci.\",\"potentialAction\":[{\"@type\":\"SearchAction\",\"target\":{\"@type\":\"EntryPoint\",\"urlTemplate\":\"https:\\\/\\\/esg.erste.pl\\\/serwis\\\/?s={search_term_string}\"},\"query-input\":{\"@type\":\"PropertyValueSpecification\",\"valueRequired\":true,\"valueName\":\"search_term_string\"}}],\"inLanguage\":\"pl-PL\"}]}<\/script>\n<!-- \/ Yoast SEO plugin. -->","yoast_head_json":{"title":"Archiwum raport\u00f3w ESG - ERSTE Serwis ESG","robots":{"index":"index","follow":"follow","max-snippet":"max-snippet:-1","max-image-preview":"max-image-preview:large","max-video-preview":"max-video-preview:-1"},"canonical":"https:\/\/esg.erste.pl\/serwis\/archiwum-raportow-2\/","og_locale":"pl_PL","og_type":"article","og_title":"Archiwum raport\u00f3w ESG - ERSTE Serwis ESG","og_url":"https:\/\/esg.erste.pl\/serwis\/archiwum-raportow-2\/","og_site_name":"ERSTE Serwis ESG","article_modified_time":"2026-05-08T07:29:48+00:00","twitter_card":"summary_large_image","schema":{"@context":"https:\/\/schema.org","@graph":[{"@type":"WebPage","@id":"https:\/\/esg.erste.pl\/serwis\/archiwum-raportow-2\/","url":"https:\/\/esg.erste.pl\/serwis\/archiwum-raportow-2\/","name":"Archiwum raport\u00f3w ESG - ERSTE Serwis ESG","isPartOf":{"@id":"https:\/\/esg.erste.pl\/serwis\/#website"},"datePublished":"2026-05-07T07:03:51+00:00","dateModified":"2026-05-08T07:29:48+00:00","breadcrumb":{"@id":"https:\/\/esg.erste.pl\/serwis\/archiwum-raportow-2\/#breadcrumb"},"inLanguage":"pl-PL","potentialAction":[{"@type":"ReadAction","target":["https:\/\/esg.erste.pl\/serwis\/archiwum-raportow-2\/"]}]},{"@type":"BreadcrumbList","@id":"https:\/\/esg.erste.pl\/serwis\/archiwum-raportow-2\/#breadcrumb","itemListElement":[{"@type":"ListItem","position":1,"name":"Strona g\u0142\u00f3wna","item":"https:\/\/esg.erste.pl\/serwis\/"},{"@type":"ListItem","position":2,"name":"Archiwum raport\u00f3w ESG"}]},{"@type":"WebSite","@id":"https:\/\/esg.erste.pl\/serwis\/#website","url":"https:\/\/esg.erste.pl\/serwis\/","name":"ERSTE Serwis ESG","description":"Pomimo pandemii nie zwolnili\u015bmy tempa w dzia\u0142aniach, kt\u00f3re umo\u017cliwiaj\u0105 nam i naszym klientom w byciu odpowiedzialnymi wobec \u015brodowiska i spo\u0142eczno\u015bci.","potentialAction":[{"@type":"SearchAction","target":{"@type":"EntryPoint","urlTemplate":"https:\/\/esg.erste.pl\/serwis\/?s={search_term_string}"},"query-input":{"@type":"PropertyValueSpecification","valueRequired":true,"valueName":"search_term_string"}}],"inLanguage":"pl-PL"}]}},"_links":{"self":[{"href":"https:\/\/esg.erste.pl\/serwis\/wp-json\/wp\/v2\/pages\/9306","targetHints":{"allow":["GET"]}}],"collection":[{"href":"https:\/\/esg.erste.pl\/serwis\/wp-json\/wp\/v2\/pages"}],"about":[{"href":"https:\/\/esg.erste.pl\/serwis\/wp-json\/wp\/v2\/types\/page"}],"author":[{"embeddable":true,"href":"https:\/\/esg.erste.pl\/serwis\/wp-json\/wp\/v2\/users\/2"}],"replies":[{"embeddable":true,"href":"https:\/\/esg.erste.pl\/serwis\/wp-json\/wp\/v2\/comments?post=9306"}],"version-history":[{"count":8,"href":"https:\/\/esg.erste.pl\/serwis\/wp-json\/wp\/v2\/pages\/9306\/revisions"}],"predecessor-version":[{"id":9320,"href":"https:\/\/esg.erste.pl\/serwis\/wp-json\/wp\/v2\/pages\/9306\/revisions\/9320"}],"wp:attachment":[{"href":"https:\/\/esg.erste.pl\/serwis\/wp-json\/wp\/v2\/media?parent=9306"}],"wp:term":[{"taxonomy":"sdg","embeddable":true,"href":"https:\/\/esg.erste.pl\/serwis\/wp-json\/wp\/v2\/sdg?post=9306"},{"taxonomy":"dictionary","embeddable":true,"href":"https:\/\/esg.erste.pl\/serwis\/wp-json\/wp\/v2\/dictionary?post=9306"}],"curies":[{"name":"wp","href":"https:\/\/api.w.org\/{rel}","templated":true}]}}